mber?
False
Is 9034422949 a composite number?
False
Is 425023399 prime?
False
Is 510892949705 composite?
True
Is 18647593901 a composite number?
False
Is 8981456791 prime?
False
Is 328016789 a composite number?
False
Is 1409691571 composite?
False
Is 3981668077 a prime number?
True
Is 7005353189 a composite number?
True
Is 1290267569 a composite number?
False
Is 61160761 prime?
True
Is 3807209311 a prime number?
False
Is 2517187447 a prime number?
False
Is 4847220647 a prime number?
False
Is 42763911101 prime?
True
Is 28527890203 a prime number?
False
Is 1024019077 composite?
False
Is 27581621657 a prime number?
True
Is 271503637 a composite number?
False
Is 6832285714 a composite number?
True
Is 38746309891 composite?
False
Is 4584406589 composite?
True
Is 16211213833 a composite number?
False
Is 74543554703 a composite number?
True
Is 3387040291 a prime number?
True
Is 10187895631 composite?
False
Is 153970416365 composite?
True
Is 27295173593 a composite number?
False
Is 1301135711 prime?
True
Is 10115968153 a prime number?
True
Is 592979507 prime?
True
Is 97913077 a composite number?
True
Is 9576188603 prime?
False
Is 7480637009 a prime number?
False
Is 50712882383 prime?
True
Is 832264271 a prime number?
True
Is 220843867 a composite number?
True
Is 8040688822 a prime number?
False
Is 7035263557 a prime number?
False
Is 627090641 a prime number?
True
Is 8982041521 composite?
False
Is 543806611 prime?
True
Is 19115828393 a prime number?
True
Is 757058641 a composite number?
False
Is 17173078123 a prime number?
False
Is 952307931 prime?
False
Is 1285398743 composite?
True
Is 3070300769 composite?
True
Is 1295750909 a prime number?
False
Is 44584724143 composite?
False
Is 4956459121 a composite number?
True
Is 462237287 a prime number?
True
Is 9616230003 a prime number?
False
Is 4904783623 a composite number?
True
Is 4033426321 a composite number?
False
Is 174611837 prime?
False
Is 123303464611 a prime number?
True
Is 107248069 a prime number?
True
Is 818819899 a composite number?
True
Is 53855829383 a prime number?
False
Is 4788955429 a prime number?
False
Is 10534109945 a composite number?
True
Is 7478876819 a composite number?
False
Is 21902901557 composite?
False
Is 134457779 prime?
True
Is 5700557939 prime?
True
Is 57923371 a prime number?
False
Is 64026757714 a composite number?
True
Is 152720223 a prime number?
False
Is 605676229 composite?
False
Is 72417188903 composite?
True
Is 104781401057 a prime number?
False
Is 180547142 a prime number?
False
Is 72160357 composite?
False
Is 2618191141 a composite number?
True
Is 8248743401 prime?
False
Is 1911464683 prime?
False
Is 1292715959 a prime number?
True
Is 14445724003 prime?
True
Is 2739892747 a composite number?
True
Is 79297559 prime?
False
Is 9584928382 composite?
True
Is 4162566187 prime?
False
Is 11665435237 composite?
True
Is 5751032039 a composite number?
False
Is 28691756839 a prime number?
False
Is 461462273 composite?
True
Is 135825389 prime?
False
Is 19356287 prime?
False
Is 112539535 composite?
True
Is 4399876511 a prime number?
True
Is 4103945981 composite?
False
Is 249597923 prime?
True
Is 35887192939 a prime number?
False
Is 5327398807 composite?
True
Is 30435893857 a prime number?
True
Is 7160719589 a prime number?
True
Is 5426295911 a prime number?
True
Is 453016621 a composite number?
False
Is 1017608243 prime?
False
Is 5903856017 a composite number?
False
Is 79996589 a composite number?
True
Is 9355015609 composite?
False
Is 112815739 prime?
False
Is 14215801939 composite?
False
Is 95791535617 a composite number?
False
Is 7518546755 composite?
True
Is 54638597 prime?
False
Is 10654961887 composite?
False
Is 979479541 a composite number?
True
Is 109327716233 prime?
True
Is 11860782019 prime?
True
Is 5166588809 a composite number?
False
Is 4942412219 composite?
True
Is 254013499 a composite number?
True
Is 601174291 a prime number?
True
Is 625156457 prime?
False
Is 256665791 composite?
False
Is 4104970643 a composite number?
True
Is 68809667831 a composite number?
True
Is 5891152339 a prime number?
False
Is 22743803365 composite?
True
Is 543857627 composite?
True
Is 18281890897 a composite number?
False
Is 98257171 a composite number?
False
Is 3531995002 composite?
True
Is 1651309111 composite?
False
Is 777192541 a prime number?
True
Is 84309929993 composite?
True
Is 4947996797 prime?
True
Is 3100501421 composite?
False
Is 1918232593 a composite number?
False
Is 47577001 a prime number?
True
Is 35178139181 a composite number?
False
Is 1368291493 a prime number?
True
Is 2944064027 a prime number?
True
Is 2103775603 prime?
True
Is 218980109 composite?
False
Is 13668455053 a composite number?
True
Is 2148686039 a composite number?
False
Is 48914413 composite?
False
Is 2253993851 composite?
True
Is 392015941 a prime number?
True
Is 9409001711 composite?
False
Is 1044646997 composite?
False
Is 10746690971 a prime number?
True
Is 15382838827 composite?
True
Is 38814744011 a prime number?
True
Is 4011781881 composite?
True
Is 5404897837 composite?
False
Is 1685967329 composite?
False
Is 46917533003 a prime number?
False
Is 1350216601 composite?
False
Is 15502636211 a composite number?
True
Is 6412571203 composite?
False
Is 185472869 a prime number?
False
Is 221683650073 composite?
False
Is 4111269823 a prime number?
False
Is 748553731 a composite number?
False
Is 513907937 a composite number?
True
Is 11976490993 a composite number?
True
Is 359681611 a prime number?
True
Is 182961539 a prime number?
True
Is 286256099 composite?
True
Is 9639613703 a composite number?
True
Is 18385429561 prime?
True
Is 6915072985 a prime number?
False
Is 975721543 composite?
True
Is 415607141959 prime?
True
Is 798376331 composite?
False
Is 10723045547 a prime number?
False
Is 1460564134 prime?
False
Is 4632881317 composite?
False
Is 41425681433 a composite number?
True
Is 3039004147 composite?
False
Is 306916229 prime?
False
Is 1980622489 a composite number?
False
Is 1289096567 a prime number?
False
Is 2508871037 a prime number?
True
Is 3176678257 prime?
True
Is 360951631 a composite number?
True
Is 7159308743 a prime number?
False
Is 206966477 a composite number?
True
Is 15015242419 a prime number?
True
Is 482538443 a prime number?
True
Is 1224734233 a composite number?
True
Is 16082093887 prime?
True
Is 25184774477 composite?
True
Is 27857447 prime?
True
Is 474575547242 composite?
True
Is 58042733951 a prime number?
True
Is 221791699 prime?
True
Is 2332880989 prime?
True
Is 1023239153 composite?
True
Is 8628205769 a composite number?
False
Is 391415461 a composite number?
False
Is 652854121 prime?
False
Is 7998107599 prime?
False
Is 492968257 a composite number?
True
Is 26829665617 prime?
True
Is 558674551 a prime number?
False
Is 33879821 a prime number?
True
Is 36672661907 prime?
False
Is 11653843351 composite?
False
Is 20908083643 prime?
False
Is 67662319 prime?
False
Is 127166469457 prime?
True
Is 1868995501 a composite number?
False
Is 4343624963 prime?
True
Is 715158823 prime?
True
Is 1492239961 prime?
True
Is 1645987421 a prime number?
False
Is 44893857629 a prime number?
True
Is 288473579 a prime number?
True
Is 1343636017 a prime number?
True
Is 71916877 composite?
False
Is 8265922817 prime?
True
Is 39045056003 a composite number?
False
Is 2484251493 a composite number?
True
Is 1373178133 a composite number?
False
Is 1653594077 a composite number?
False
Is 3325424637 prime?
False
Is 31279880339 composite?
True
Is 17677228223 composite?
False
Is 6349138139 composite?
True
Is 17260327853 a composite number?
False
Is 1888382017 composite?
False
Is 82263413 a composite number?
True
Is 3201737039 a composite number?
False
Is 41458052101 prime?
True
Is 1196124603 a prime number?
False
Is 2131205429 a composite number?
True
Is 5939501041 a composite number?
True
Is 135511627 a composite number?
False
Is 46133048179 a composite number?
False
Is 40595353366 composite?
True
Is 1189547549 composite?
True
Is 2891545207 a prime number?
True
Is 36298963163 a composite number?
False
Is 6648973577 a prime number?
True
Is 69531258217 a composite number?
False
Is 1422095249 composite?
True
Is 535177241 a composite number?
False
Is 107439331 a composite number?
True
Is 3399999913 a composite number